base 5) in base 14?
5ccc77
130653 (base 9) to base 10
79266
What is 10001011110010111 (base 2) in base 15?
1631a
What is -9257 (base 15) in base 4?
-13202323
341311223 (base 5) to base 13
40b504
Convert -72a98 (base 12) to base 2.
-100100101010010100
-21501320 (base 7) to base 5
-433134044
What is 2222220221 (base 3) in base 7?
333664
What is -200cd (base 15) in base 13?
-37234
Convert 1022450 (base 10) to base 2.
11111001100111110010
Convert -50842 (base 13) to base 14.
-3a7ab
What is -1434412 (base 6) in base 15?
-1975e
Convert 2548 (base 10) to base 8.
4764
Convert -10814454 (base 9) to base 4.
-110011130323
Convert 6435777 (base 9) to base 6.
201530411
-2ab048a (base 12) to base 5
-4211022231
Convert -111212210001212 (base 3) to base 2.
-11100001000111110100001
Convert -33400043 (base 5) to base 11.
-190797
Convert -9ba31d (base 15) to base 7.
-120055165
Convert -312124 (base 6) to base 9.
-37387
-11123111 (base 5) to base 16
-180e3
816417 (base 9) to base 6
14211111
Convert -174e3 (base 16) to base 2.
-10111010011100011
What is -1202122122 (base 4) in base 14?
-a6c8a
-166549 (base 10) to base 16
-28a95
What is -230111022 (base 4) in base 8?
-542512
-6958199 (base 10) to base 11
-3a22886
111001011011000000010 (base 2) to base 16
1cb602
Convert -12a869 (base 11) to base 3.
-101101202222
210121333 (base 4) to base 16
2467f
Convert 652044 (base 9) to base 15.
7a217
-14344501 (base 7) to base 9
-2485704
Convert -3c6a70 (base 13) to base 10.
-1471574
-30935 (base 13) to base 15
-1acb8
Convert 1885342 (base 9) to base 16.
102d97
Convert -38376 (base 12) to base 10.
-76554
14ca8 (base 16) to base 14
2306c
182055 (base 11) to base 8
1044505
Convert 50537 (base 9) to base 10.
33244
-23510223 (base 6) to base 16
-b4b07
What is 11028526 (base 9) in base 10?
5333793
-2455455 (base 7) to base 2
-1001101010001000010
-175017 (base 10) to base 6
-3430133
-210679 (base 12) to base 10
-519357
Convert 17680 (base 12) to base 2.
1000010000000000
What is -110011110011000000111 (base 2) in base 16?
-19e607
What is -101022002122212 (base 3) in base 5?
-2400130224
-11111000101011001011 (base 2) to base 8
-3705313
What is -39276 (base 11) in base 12?
-28657
Convert -54085 (base 12) to base 7.
-640502
What is -2200002020 (base 4) in base 9?
-1208148
Convert -22443404 (base 5) to base 8.
-614343
-20312023301 (base 4) to base 15
-30c20e
What is 100001101011100111110 (base 2) in base 4?
10031130332
Convert -435e8 (base 16) to base 8.
-1032750
24205457 (base 8) to base 11
2aa8496
What is b0ba4 (base 14) in base 16?
67bac
Convert 491b85 (base 14) to base 2.
1001100010110110101001
65213234 (base 7) to base 5
2411113140
What is 171710 (base 13) in base 11?
362796
-1066406 (base 8) to base 4
-1012310012
-265862 (base 11) to base 5
-101331024
What is 35831 (base 11) in base 14?
14b24
484507 (base 11) to base 2
10111011010100100100
What is -122523241 (base 6) in base 4?
-21003311221
What is 10100001011101010110110 (base 2) in base 16?
50bab6
Convert 110200202110 (base 3) to base 2.
111101000000001110
Convert -991052 (base 11) to base 10.
-1582616
What is -188083 (base 10) in base 16?
-2deb3
Convert 1377207 (base 8) to base 2.
1011111111010000111
What is -1130120 (base 6) in base 8?
-162000
What is 441267 (base 8) in base 4?
210022313
Convert 20131202123 (base 4) to base 9.
4150638
What is 181973 (base 10) in base 8?
543325
What is -100110101101001000111 (base 2) in base 16?
-135a47
What is -14402523 (base 6) in base 15?
-9c996
7831338 (base 10) to base 6
435504110
2985092 (base 10) to base 9
5548688
What is -30a41 (base 12) in base 10?
-63697
Convert -397774a (base 11) to base 6.
-403221131
Convert 767a17 (base 11) to base 8.
4532024
-277371 (base 8) to base 10
-98041
What is -2211110 (base 3) in base 2?
-100000010000
-12211012022 (base 3) to base 14
-2da96
-112101202121200 (base 3) to base 10
-7652034
What is -200110100021111 (base 3) in base 6?
-550123321
Convert 123331 (base 8) to base 9.
64528
a816 (base 14) to base 2
111000101100100
6522b (base 16) to base 2
1100101001000101011
What is 3a0231 (base 11) in base 13?
1908b2
Convert -10132331 (base 7) to base 6.
-30103452
Convert 31959 (base 13) to base 6.
1530123
-121113313 (base 4) to base 12
-50187
-3b2094 (base 13) to base 16
-15dbf5
Convert 1466035 (base 8) to base 13.
119765
Convert 158475 (base 12) to base 13.
cb07b
-17620a7 (base 11) to base 4
-23121313213
-2508359 (base 10) to base 13
-69a949
-5acaa (base 14) to base 13
-7a098
15501544 (base 7) to base 2
101101101010101111011
Convert 112000313203 (base 4) to base 5.
2434130343
What is -220001121020 (base 3) in base 8?
-1634727
What is -1333232 (base 6) in base 13?
-27c65
-51628 (base 10) to base 13
-1a665
Convert 100814 (base 11) to base 3.
22020021021
What is -503422 (base 7) in base 10?
-85276
What is 202121002 (base 3) in base 14?
5686
384654 (base 9) to base 7
1660360
What is 3302455 (base 8) in base 9?
1600402
Convert -99187 (base 10) to base 3.
-12001001121
What is -40415 (base 7) in base 4?
-2121110
What is 88033 (base 12) in base 2?
101011111000100111
What is -2023102220 (base 4) in base 5?
-121224121
Convert -113686 (base 9) to base 11.
-473a7
What is -121121212122 (base 3) in base 6?
-11002542
What is -660542 (base 13) in base 12?
-978a9b
What is -1456086 (base 9) in base 10?
-804894
What is 514857 (base 9) in base 6?
10313554
What is 7317a (base 11) in base 15?
21928
Convert -5316122 (base 7) to base 13.
-1969b2
-13adb2 (base 14) to base 9
-1251168
Convert 34030002 (base 5) to base 16.
48f00
4405985 (base 10) to base 3
22021211212122
What is 736138 (base 9) in base 6?
13213312
-65d9c (base 15) to base 12
-1373a9
4615323 (base 9) to base 13
6927b1
17757213 (base 9) to base 5
4243020411
What is -231013303 (base 4) in base 10?
-184819
Convert -111210120020 (base 3) to base 9.
-453506
2020110111201 (base 3) to base 2
100100010100011010010
Convert -c13b (base 15) to base 3.
-2001221102
Convert 951211 (base 11) to base 15.
201969
9955318 (base 11) to base 2
1000010101010000011010110
3576136 (base 10) to base 11
2022893
What is 33220310 (base 4) in base 9?
106768
Convert -1ab21 (base 14) to base 5.
-4134131
Convert -1102033 (base 5) to base 15.
-597d
-3163443 (base 7) to base 6
-12132200
-459952 (base 12) to base 13
-300c0b
What is -475baa (base 12) in base 11?
-716703
1141204332 (base 5) to base 12
a92225
What is 100110101000100111110000 (base 2) in base 13?
2137b1b
What is -405142 (base 7) in base 12?
-33b3a
What is 15130872 (base 9) in base 7?
120626042
Convert -75511 (base 9) to base 8.
-141503
22010232233 (base 4) to base 3
11222011111222
Convert -559839 (base 11) to base 13.
-2529b0
-22011120000 (base 3) to base 11
-aa889
What is 46758 (base 14) in base 6?
3402202
What is 22687 (base 16) in base 12?
69687
-103203201 (base 4) to base 7
-452343
1131330222 (base 4) to base 7
3161616
Convert 30311242 (base 5) to base 14.
651b6
-61798 (base 11) to base 9
-146565
-10402444 (base 5) to base 3
-11121211100
-8215a (base 14) to base 3
-120220111000
Convert 1111001010000011010 (base 2) to base 9.
836261
Convert -59133 (base 10) to base 16.
-e6fd
-537452 (base 8) to base 10
-180010
Convert 1212211001121 (base 3) to base 12.
402a07
1045232231 (base 6) to base 11
6511082
What is 41201341 (base 5) in base 7?
2562333
Convert 291707 (base 12) to base 13.
1b0937
-4572912 (base 10) to base 16
-45c6f0
Convert -111001001101111111 (base 2) to base 11.
-1500a1
-21d6c (base 16) to base 2
-100001110101101100
Convert 2021122200000 (base 3) to base 9.
2248600
What is -28764 (base 12) in base 14?
-16792
Convert -8d2ae2 (base 16) to base 13.
-1bbbcc0
Convert 12001452 (base 7) to base 2.
100000010101001011001
What is -26125 (base 10) in base 14?
-9741
Convert -2450342 (base 7) to base 2.
-1001100110101010100
What is -2401343101 (base 5) in base 16?
-53df4b
-4464134 (base 7) to base 16
-872cc
-ad898 (base 14) to base 5
-101442114
Convert -467689 (base 15) to base 8.
-14656722
What is 4715154 (base 8) in base 15?
1a59cb
Convert -1a649 (base 11) to base 10.
-28730
What is -510343 (base 6) in base 14?
-10995
-173526 (base 11) to base 7
-2164551
Convert -1220000200100 (base 3) to base 16.
-f5328
Convert 57542 (base 12) to base 13.
41081
Convert -348d48 (base 14) to base 9.
-3330667
Wh